{"id":823,"date":"2022-03-27T21:47:09","date_gmt":"2022-03-27T19:47:09","guid":{"rendered":"http:\/\/domnazgloszenie.pl\/?post_type=product&#038;p=823"},"modified":"2025-07-28T14:36:41","modified_gmt":"2025-07-28T12:36:41","slug":"projekt-domu-zg224","status":"publish","type":"product","link":"https:\/\/domnazgloszenie.pl\/index.php\/product\/projekt-domu-zg224\/","title":{"rendered":"Projekt domu ZG224"},"content":{"rendered":"<p class=\"p1\"><span class=\"s1\">Prezentowany projekt ZG224 w wyj\u0105tkowej ods\u0142onie w stylu nowoczesnej stodo\u0142y. To dom z poddaszem u\u017cytkowym o prostej bryle z dwuspadowym dachem. Budynek wraz z bocznymi \u015bcianami pokryto \u0142\u0105czon\u0105 na r\u0105bek blach\u0105 w antracytowym kolorze. Bezkonkurencyjnie walory estetyczne elewacji podnosz\u0119 przeszklenia oraz jasna drewniana ok\u0142adzina, kt\u00f3ra efektownie kontrastuje z bia\u0142ym tynkiem oraz stolark\u0105. Rama okalaj\u0105ca dwie \u015bciany budynku tworzy podcie\u0144, w kt\u00f3rym usytuowano zaciszn\u0105 stref\u0119 relaksu. Rama w ciekawy spos\u00f3b \u0142\u0105czy si\u0119 z balkonem kt\u00f3ry, os\u0142ania przestrze\u0144 wypoczynkow\u0105 na tarasie. Stosunkowo niewielkie wn\u0119trze zosta\u0142o funkcjonalne zaprojektowane i gwarantuje komfortowe warunki u\u017cytkowania.<\/span><\/p>\n<p>PROJEKT NA ZG\u0141OSZENIE ZG224<\/p>\n<p>Na parterze znajdziemy przestronny salon wraz z aneksem kuchennym z idealnym widokiem na taras. Tu\u017c obok jest \u0142azienka, w kt\u00f3rej mo\u017cemy umie\u015bci\u0107 toalet\u0119, umywalk\u0119 oraz prysznic.<\/p>\n<p>Na poddaszu znajduje si\u0119 du\u017ca antresola oraz balkon.<br \/>\nUk\u0142ad pomieszcze\u0144 do dowolnej aran\u017cacji.<\/p>\n<p><strong>Dom parterowy z antresol\u0105 35 m2 (5m*7m)<\/strong><strong><u><br \/>\n<\/u><\/strong>Powierzchnia domu \u0142\u0105cznie:<strong> ok 52,49 m2<br \/>\n<\/strong><br \/>\n<strong>Parter: <\/strong><strong><br \/>\n<\/strong>Salon z aneksem kuchennym: 24,68 m2<br \/>\n\u0141azienka: 1,95\u00a0 m2<br \/>\nTaras: 10 m2<br \/>\n<strong><u>Razem: ok 36,63 m2<br \/>\n<\/u><\/strong><br \/>\n<strong>Pi\u0119tro: <\/strong><strong><br \/>\n<\/strong>Antresola: 10,86 m2<br \/>\nBalkon: (ok 5m*1m) 5 m2<br \/>\n<strong><u>Razem: ok 15,86 m2<\/u><\/strong><u><\/u><\/p>\n<p>&nbsp;<\/p>\n<p>Jeste\u015b zainteresowany skontaktuj si\u0119 z Tw\u00f3rc\u0105 projektu:<\/p>\n<p class=\"p1\"><span class=\"s1\">+48 731 592 973<\/span><\/p>\n","protected":false},"excerpt":{"rendered":"<p>Prezentowany projekt ZG224 w wyj\u0105tkowej ods\u0142onie w stylu nowoczesnej stodo\u0142y. To dom z poddaszem u\u017cytkowym o prostej bryle z dwuspadowym dachem. Budynek wraz z bocznymi \u015bcianami pokryto \u0142\u0105czon\u0105 na r\u0105bek blach\u0105 w antracytowym kolorze. Bezkonkurencyjnie walory estetyczne elewacji podnosz\u0119 przeszklenia&hellip;<\/p>\n","protected":false},"featured_media":827,"comment_status":"open","ping_status":"closed","template":"","meta":{"_monsterinsights_skip_tracking":false,"_monsterinsights_sitenote_active":false,"_monsterinsights_sitenote_note":"","_monsterinsights_sitenote_category":0},"product_brand":[],"product_cat":[26,65,24,71],"product_tag":[40,20,44,39,56,52,55,38,54],"class_list":{"0":"post-823","1":"product","2":"type-product","3":"status-publish","4":"has-post-thumbnail","6":"product_cat-budynki-do-35m2","7":"product_cat-dach-dwuspadowy","8":"product_cat-na-zgloszenie","9":"product_cat-nowosc","10":"product_tag-budynek-z-antresola","11":"product_tag-do-35m2","12":"product_tag-dom-stodola-35-m2","13":"product_tag-dom-z-antresola","14":"product_tag-projekt-budynku","15":"product_tag-projekt-domu-stodola","16":"product_tag-projekt-domu-typu-stodola","17":"product_tag-projekt-typowy","18":"product_tag-projekt-typu-stodola","20":"first","21":"outofstock","22":"sale","23":"purchasable","24":"product-type-simple"},"yoast_head":"<!-- This site is optimized with the Yoast SEO Premium plugin v19.3 (Yoast SEO v26.8) - https:\/\/yoast.com\/product\/yoast-seo-premium-wordpress\/ -->\n<title>Projekt domu ZG224 - Dom na Zg\u0142oszenie<\/title>\n<meta name=\"robots\" content=\"index, follow, max-snippet:-1, max-image-preview:large, max-video-preview:-1\" \/>\n<link rel=\"canonical\" href=\"https:\/\/domnazgloszenie.pl\/index.php\/product\/projekt-domu-zg224\/\" \/>\n<meta property=\"og:locale\" content=\"pl_PL\" \/>\n<meta property=\"og:type\" content=\"article\" \/>\n<meta property=\"og:title\" content=\"Projekt domu ZG224\" \/>\n<meta property=\"og:description\" content=\"Prezentowany projekt ZG224 w wyj\u0105tkowej ods\u0142onie w stylu nowoczesnej stodo\u0142y. To dom z poddaszem u\u017cytkowym o prostej bryle z dwuspadowym dachem. Budynek wraz z bocznymi \u015bcianami pokryto \u0142\u0105czon\u0105 na r\u0105bek blach\u0105 w antracytowym kolorze. Bezkonkurencyjnie walory estetyczne elewacji podnosz\u0119 przeszklenia&hellip;\" \/>\n<meta property=\"og:url\" content=\"https:\/\/domnazgloszenie.pl\/index.php\/product\/projekt-domu-zg224\/\" \/>\n<meta property=\"og:site_name\" content=\"Dom na Zg\u0142oszenie\" \/>\n<meta property=\"article:publisher\" content=\"https:\/\/www.facebook.com\/domnazgloszenie\" \/>\n<meta property=\"article:modified_time\" content=\"2025-07-28T12:36:41+00:00\" \/>\n<meta property=\"og:image\" content=\"https:\/\/domnazgloszenie.pl\/wp-content\/uploads\/2022\/03\/3_4-Photo-5-scaled.jpg\" \/>\n\t<meta property=\"og:image:width\" content=\"2560\" \/>\n\t<meta property=\"og:image:height\" content=\"1603\" \/>\n\t<meta property=\"og:image:type\" content=\"image\/jpeg\" \/>\n<meta name=\"twitter:card\" content=\"summary_large_image\" \/>\n<meta name=\"twitter:site\" content=\"@domnazgloszenie\" \/>\n<meta name=\"twitter:label1\" content=\"Szacowany czas czytania\" \/>\n\t<meta name=\"twitter:data1\" content=\"2 minuty\" \/>\n<script type=\"application\/ld+json\" class=\"yoast-schema-graph\">{\"@context\":\"https:\/\/schema.org\",\"@graph\":[{\"@type\":\"WebPage\",\"@id\":\"https:\/\/domnazgloszenie.pl\/index.php\/product\/projekt-domu-zg224\/\",\"url\":\"https:\/\/domnazgloszenie.pl\/index.php\/product\/projekt-domu-zg224\/\",\"name\":\"Projekt domu ZG224 - Dom na Zg\u0142oszenie\",\"isPartOf\":{\"@id\":\"https:\/\/domnazgloszenie.pl\/#website\"},\"primaryImageOfPage\":{\"@id\":\"https:\/\/domnazgloszenie.pl\/index.php\/product\/projekt-domu-zg224\/#primaryimage\"},\"image\":{\"@id\":\"https:\/\/domnazgloszenie.pl\/index.php\/product\/projekt-domu-zg224\/#primaryimage\"},\"thumbnailUrl\":\"https:\/\/domnazgloszenie.pl\/wp-content\/uploads\/2022\/03\/3_4-Photo-5-scaled.jpg\",\"datePublished\":\"2022-03-27T19:47:09+00:00\",\"dateModified\":\"2025-07-28T12:36:41+00:00\",\"breadcrumb\":{\"@id\":\"https:\/\/domnazgloszenie.pl\/index.php\/product\/projekt-domu-zg224\/#breadcrumb\"},\"inLanguage\":\"pl-PL\",\"potentialAction\":[{\"@type\":\"ReadAction\",\"target\":[\"https:\/\/domnazgloszenie.pl\/index.php\/product\/projekt-domu-zg224\/\"]}]},{\"@type\":\"ImageObject\",\"inLanguage\":\"pl-PL\",\"@id\":\"https:\/\/domnazgloszenie.pl\/index.php\/product\/projekt-domu-zg224\/#primaryimage\",\"url\":\"https:\/\/domnazgloszenie.pl\/wp-content\/uploads\/2022\/03\/3_4-Photo-5-scaled.jpg\",\"contentUrl\":\"https:\/\/domnazgloszenie.pl\/wp-content\/uploads\/2022\/03\/3_4-Photo-5-scaled.jpg\",\"width\":2560,\"height\":1603},{\"@type\":\"BreadcrumbList\",\"@id\":\"https:\/\/domnazgloszenie.pl\/index.php\/product\/projekt-domu-zg224\/#breadcrumb\",\"itemListElement\":[{\"@type\":\"ListItem\",\"position\":1,\"name\":\"Strona g\u0142\u00f3wna\",\"item\":\"https:\/\/domnazgloszenie.pl\/\"},{\"@type\":\"ListItem\",\"position\":2,\"name\":\"SKLEP\",\"item\":\"https:\/\/domnazgloszenie.pl\/index.php\/sklep\/\"},{\"@type\":\"ListItem\",\"position\":3,\"name\":\"Projekt domu ZG224\"}]},{\"@type\":\"WebSite\",\"@id\":\"https:\/\/domnazgloszenie.pl\/#website\",\"url\":\"https:\/\/domnazgloszenie.pl\/\",\"name\":\"Dom na Zg\u0142oszenie\",\"description\":\"Projekty dom\u00f3w na zg\u0142oszenie do 35m2\",\"publisher\":{\"@id\":\"https:\/\/domnazgloszenie.pl\/#organization\"},\"potentialAction\":[{\"@type\":\"SearchAction\",\"target\":{\"@type\":\"EntryPoint\",\"urlTemplate\":\"https:\/\/domnazgloszenie.pl\/?s={search_term_string}\"},\"query-input\":{\"@type\":\"PropertyValueSpecification\",\"valueRequired\":true,\"valueName\":\"search_term_string\"}}],\"inLanguage\":\"pl-PL\"},{\"@type\":[\"Organization\",\"Place\"],\"@id\":\"https:\/\/domnazgloszenie.pl\/#organization\",\"name\":\"Dom na zg\u0142oszenie\",\"url\":\"https:\/\/domnazgloszenie.pl\/\",\"logo\":{\"@id\":\"https:\/\/domnazgloszenie.pl\/index.php\/product\/projekt-domu-zg224\/#local-main-organization-logo\"},\"image\":{\"@id\":\"https:\/\/domnazgloszenie.pl\/index.php\/product\/projekt-domu-zg224\/#local-main-organization-logo\"},\"sameAs\":[\"https:\/\/www.facebook.com\/domnazgloszenie\",\"https:\/\/x.com\/domnazgloszenie\",\"https:\/\/www.instagram.com\/dom_na_zgloszenie\/\",\"https:\/\/www.tiktok.com\/@domnazgloszenie\",\"https:\/\/pinterest.com\/domnazgloszenie\/\",\"https:\/\/www.behance.net\/domnazgloszenie\"],\"openingHoursSpecification\":[{\"@type\":\"OpeningHoursSpecification\",\"dayOfWeek\":[\"Monday\",\"Tuesday\",\"Wednesday\",\"Thursday\",\"Friday\",\"Saturday\",\"Sunday\"],\"opens\":\"09:00\",\"closes\":\"17:00\"}]},{\"@type\":\"ImageObject\",\"inLanguage\":\"pl-PL\",\"@id\":\"https:\/\/domnazgloszenie.pl\/index.php\/product\/projekt-domu-zg224\/#local-main-organization-logo\",\"url\":\"https:\/\/domnazgloszenie.pl\/wp-content\/uploads\/2021\/10\/DOM-NA-ZGLOSZENIE-01.png\",\"contentUrl\":\"https:\/\/domnazgloszenie.pl\/wp-content\/uploads\/2021\/10\/DOM-NA-ZGLOSZENIE-01.png\",\"width\":1000,\"height\":1000,\"caption\":\"Dom na zg\u0142oszenie\"}]}<\/script>\n<!-- \/ Yoast SEO Premium plugin. -->","yoast_head_json":{"title":"Projekt domu ZG224 - Dom na Zg\u0142oszenie","robots":{"index":"index","follow":"follow","max-snippet":"max-snippet:-1","max-image-preview":"max-image-preview:large","max-video-preview":"max-video-preview:-1"},"canonical":"https:\/\/domnazgloszenie.pl\/index.php\/product\/projekt-domu-zg224\/","og_locale":"pl_PL","og_type":"article","og_title":"Projekt domu ZG224","og_description":"Prezentowany projekt ZG224 w wyj\u0105tkowej ods\u0142onie w stylu nowoczesnej stodo\u0142y. To dom z poddaszem u\u017cytkowym o prostej bryle z dwuspadowym dachem. Budynek wraz z bocznymi \u015bcianami pokryto \u0142\u0105czon\u0105 na r\u0105bek blach\u0105 w antracytowym kolorze. Bezkonkurencyjnie walory estetyczne elewacji podnosz\u0119 przeszklenia&hellip;","og_url":"https:\/\/domnazgloszenie.pl\/index.php\/product\/projekt-domu-zg224\/","og_site_name":"Dom na Zg\u0142oszenie","article_publisher":"https:\/\/www.facebook.com\/domnazgloszenie","article_modified_time":"2025-07-28T12:36:41+00:00","og_image":[{"width":2560,"height":1603,"url":"https:\/\/domnazgloszenie.pl\/wp-content\/uploads\/2022\/03\/3_4-Photo-5-scaled.jpg","type":"image\/jpeg"}],"twitter_card":"summary_large_image","twitter_site":"@domnazgloszenie","twitter_misc":{"Szacowany czas czytania":"2 minuty"},"schema":{"@context":"https:\/\/schema.org","@graph":[{"@type":"WebPage","@id":"https:\/\/domnazgloszenie.pl\/index.php\/product\/projekt-domu-zg224\/","url":"https:\/\/domnazgloszenie.pl\/index.php\/product\/projekt-domu-zg224\/","name":"Projekt domu ZG224 - Dom na Zg\u0142oszenie","isPartOf":{"@id":"https:\/\/domnazgloszenie.pl\/#website"},"primaryImageOfPage":{"@id":"https:\/\/domnazgloszenie.pl\/index.php\/product\/projekt-domu-zg224\/#primaryimage"},"image":{"@id":"https:\/\/domnazgloszenie.pl\/index.php\/product\/projekt-domu-zg224\/#primaryimage"},"thumbnailUrl":"https:\/\/domnazgloszenie.pl\/wp-content\/uploads\/2022\/03\/3_4-Photo-5-scaled.jpg","datePublished":"2022-03-27T19:47:09+00:00","dateModified":"2025-07-28T12:36:41+00:00","breadcrumb":{"@id":"https:\/\/domnazgloszenie.pl\/index.php\/product\/projekt-domu-zg224\/#breadcrumb"},"inLanguage":"pl-PL","potentialAction":[{"@type":"ReadAction","target":["https:\/\/domnazgloszenie.pl\/index.php\/product\/projekt-domu-zg224\/"]}]},{"@type":"ImageObject","inLanguage":"pl-PL","@id":"https:\/\/domnazgloszenie.pl\/index.php\/product\/projekt-domu-zg224\/#primaryimage","url":"https:\/\/domnazgloszenie.pl\/wp-content\/uploads\/2022\/03\/3_4-Photo-5-scaled.jpg","contentUrl":"https:\/\/domnazgloszenie.pl\/wp-content\/uploads\/2022\/03\/3_4-Photo-5-scaled.jpg","width":2560,"height":1603},{"@type":"BreadcrumbList","@id":"https:\/\/domnazgloszenie.pl\/index.php\/product\/projekt-domu-zg224\/#breadcrumb","itemListElement":[{"@type":"ListItem","position":1,"name":"Strona g\u0142\u00f3wna","item":"https:\/\/domnazgloszenie.pl\/"},{"@type":"ListItem","position":2,"name":"SKLEP","item":"https:\/\/domnazgloszenie.pl\/index.php\/sklep\/"},{"@type":"ListItem","position":3,"name":"Projekt domu ZG224"}]},{"@type":"WebSite","@id":"https:\/\/domnazgloszenie.pl\/#website","url":"https:\/\/domnazgloszenie.pl\/","name":"Dom na Zg\u0142oszenie","description":"Projekty dom\u00f3w na zg\u0142oszenie do 35m2","publisher":{"@id":"https:\/\/domnazgloszenie.pl\/#organization"},"potentialAction":[{"@type":"SearchAction","target":{"@type":"EntryPoint","urlTemplate":"https:\/\/domnazgloszenie.pl\/?s={search_term_string}"},"query-input":{"@type":"PropertyValueSpecification","valueRequired":true,"valueName":"search_term_string"}}],"inLanguage":"pl-PL"},{"@type":["Organization","Place"],"@id":"https:\/\/domnazgloszenie.pl\/#organization","name":"Dom na zg\u0142oszenie","url":"https:\/\/domnazgloszenie.pl\/","logo":{"@id":"https:\/\/domnazgloszenie.pl\/index.php\/product\/projekt-domu-zg224\/#local-main-organization-logo"},"image":{"@id":"https:\/\/domnazgloszenie.pl\/index.php\/product\/projekt-domu-zg224\/#local-main-organization-logo"},"sameAs":["https:\/\/www.facebook.com\/domnazgloszenie","https:\/\/x.com\/domnazgloszenie","https:\/\/www.instagram.com\/dom_na_zgloszenie\/","https:\/\/www.tiktok.com\/@domnazgloszenie","https:\/\/pinterest.com\/domnazgloszenie\/","https:\/\/www.behance.net\/domnazgloszenie"],"openingHoursSpecification":[{"@type":"OpeningHoursSpecification","dayOfWeek":["Monday","Tuesday","Wednesday","Thursday","Friday","Saturday","Sunday"],"opens":"09:00","closes":"17:00"}]},{"@type":"ImageObject","inLanguage":"pl-PL","@id":"https:\/\/domnazgloszenie.pl\/index.php\/product\/projekt-domu-zg224\/#local-main-organization-logo","url":"https:\/\/domnazgloszenie.pl\/wp-content\/uploads\/2021\/10\/DOM-NA-ZGLOSZENIE-01.png","contentUrl":"https:\/\/domnazgloszenie.pl\/wp-content\/uploads\/2021\/10\/DOM-NA-ZGLOSZENIE-01.png","width":1000,"height":1000,"caption":"Dom na zg\u0142oszenie"}]}},"jetpack_sharing_enabled":true,"_links":{"self":[{"href":"https:\/\/domnazgloszenie.pl\/index.php\/wp-json\/wp\/v2\/product\/823","targetHints":{"allow":["GET"]}}],"collection":[{"href":"https:\/\/domnazgloszenie.pl\/index.php\/wp-json\/wp\/v2\/product"}],"about":[{"href":"https:\/\/domnazgloszenie.pl\/index.php\/wp-json\/wp\/v2\/types\/product"}],"replies":[{"embeddable":true,"href":"https:\/\/domnazgloszenie.pl\/index.php\/wp-json\/wp\/v2\/comments?post=823"}],"wp:featuredmedia":[{"embeddable":true,"href":"https:\/\/domnazgloszenie.pl\/index.php\/wp-json\/wp\/v2\/media\/827"}],"wp:attachment":[{"href":"https:\/\/domnazgloszenie.pl\/index.php\/wp-json\/wp\/v2\/media?parent=823"}],"wp:term":[{"taxonomy":"product_brand","embeddable":true,"href":"https:\/\/domnazgloszenie.pl\/index.php\/wp-json\/wp\/v2\/product_brand?post=823"},{"taxonomy":"product_cat","embeddable":true,"href":"https:\/\/domnazgloszenie.pl\/index.php\/wp-json\/wp\/v2\/product_cat?post=823"},{"taxonomy":"product_tag","embeddable":true,"href":"https:\/\/domnazgloszenie.pl\/index.php\/wp-json\/wp\/v2\/product_tag?post=823"}],"curies":[{"name":"wp","href":"https:\/\/api.w.org\/{rel}","templated":true}]}}